mon divisor of g and 18?
9
Let p be (-2 + 4 - -18) + 2. Let q = 18 + p. Let u be (-1)/2 + 65/10 + 2. Calculate the highest common factor of u and q.
8
Let r(n) = -n + 8. Let c be r(7). Let b = 294 - 41. Let x be (-158)/(-22) - 46/b. Calculate the greatest common factor of c and x.
1
Let s be ((-8)/(-24))/((4/6114)/2). Let u = -641 + s. What is the greatest common divisor of u and 42?
42
Let v = -568 - -652. What is the highest common factor of 42 and v?
42
Suppose 3 - 7 = -a, 97 = 3*d - 2*a. What is the greatest common divisor of d and 455?
35
Let i = -233 - -159. Let w = 81 + i. What is the highest common factor of w and 7?
7
Suppose -22 = -3*f - 7. Suppose 3*n - 1 = f. Calculate the highest common factor of n and 3.
1
Suppose 3*z + 2*c = 7*c + 113, -176 = -5*z - 4*c. Suppose z = 3*t + 5*j, -t + 3*j = -2*t + 16. Calculate the greatest common divisor of 28 and t.
7
Let c = 21 - 18. Let n be (-3 + 4)*-2 + c. Let u(b) = 169*b**3 + b**2 - b + 1. Let l be u(n). Calculate the highest common factor of l and 34.
34
Suppose -y + 2*s + 71 = 0, 0*y = 2*y - 2*s - 146. Calculate the greatest common divisor of 90 and y.
15
Let t(c) = 5*c**2 + 18*c - 72. Let z be t(-13). What is the greatest common factor of z and 33?
11
Let r(f) = f**2 + 10*f + 2. Let h be r(-10). Suppose 2*b - 73 = -h*a + 3*b, -102 = -3*a - b. What is the highest common divisor of 5 and a?
5
Let j(u) = -u**2 - 18*u - 1. Let i be j(-12). Suppose -5*f + 54 = -i. Calculate the highest common divisor of f and 150.
25
Let g = 796 + -772. What is the greatest common divisor of 732 and g?
12
Suppose -6*i + 31 = 1. Calculate the highest common factor of 305 and i.
5
Let b be 0 + 2*(1 + 14). Let o(c) = -c**2 + 2*c + 75. Let w(m) = m + 3. Let h be w(-3). Let f be o(h). What is the greatest common factor of f and b?
15
Let k(s) = s**3 + s + 10. Let h be k(0). Let t be (-15)/h*(-260)/6. Suppose 3*o - t = 5*d, d = -o + 2*d + 19. What is the greatest common factor of 105 and o?
15
Let h = 130 + -90. Let a(s) = -s**2 - 10*s + 5. Let r be a(-10). What is the greatest common factor of r and h?
5
Let g(h) = -h**3 + 15*h**2 + 27. Let r be g(15). What is the greatest common factor of r and 243?
27
Let o = 1524 - 991. What is the greatest common divisor of 13 and o?
13
Suppose 152 = 2*m + 2*m. Let w = m - -4. Suppose 2*c = w + 28. Calculate the greatest common factor of c and 5.
5
Let f = 448 - 304. Calculate the greatest common divisor of 936 and f.
72
Let d(q) = -q**2 - 26*q - 145. Let n be d(-11). Let r be (2/(-3))/((-4)/30). Calculate the greatest common factor of r and n.
5
Let k = 953 + -729. Calculate the highest common divisor of k and 280.
56
Let y be 0 - (-6 - (0 + -3)). Let i be 12/2*y/(-6). Let x be (-16)/(-3)*(-9)/i. Calculate the highest common divisor of 2 and x.
2
Let l = 130 + -25. Let q = 91 - 86. Suppose -l = -q*h - 0*h. What is the highest common factor of 3 and h?
3
Suppose -6*b = -7*b + 2*x + 6, -2*x = -3*b + 30. What is the greatest common factor of b and 228?
12
Suppose 0 = 5*l - 4*x - 6, -23*l + 20*l = -4*x - 2. Calculate the greatest common factor of 131 and l.
1
Let b be (31 - 31)/(1 - -1). Suppose b = -5*i - 4*r + 250, 2*i - 100 = -0*i + 5*r. What is the greatest common divisor of i and 2?
2
Let k(n) = 90*n - 205. Let y be k(5). Calculate the highest common divisor of y and 539.
49
Let g be 4/(-12)*-8*3/2. Suppose g*b - 2150 = -6*b. What is the highest common factor of 43 and b?
43
Let p = -35 - -95. Let h be -2*(-3)/(-30) - 302/(-10). Calculate the greatest common factor of h and p.
30
Let a(v) = -5*v. Let m be a(-7). What is the highest common divisor of m and 35?
35
Let s(n) = n + 16. Let q be s(-6). Suppose 2*z + 2*z = 160. What is the highest common factor of q and z?
10
Let f = -7 + 15. Calculate the greatest common divisor of 32 and f.
8
Suppose s - 69 = -2*l, 5*s - 7 = 18. What is the greatest common factor of 12 and l?
4
Let d = -217 + 265. Calculate the greatest common factor of d and 120.
24
Let d = 90 + -88. Suppose y - d*h = 4, 5*y - y + 2*h = 36. Calculate the greatest common factor of y and 56.
8
Let a be 3 + 39 - -3 - (-60)/10. Calculate the highest common factor of a and 2703.
51
Let b = 22 - 21. Let r(y) = 16*y**3 - y**2 + 2*y - 1. Let q be r(b). Suppose -t - 2*t + 384 = 0. Calculate the greatest common divisor of q and t.
16
Let g(c) = c**3 - 11*c**2 + 4*c - 34. Let l be g(11). What is the highest common factor of 160 and l?
10
Let j(a) = a**3 - 2*a**2 + 4*a - 6. Let s be j(6). What is the highest common divisor of s and 36?
18
Let z be 19 + -1*(-1 - 0). Let i = 21 - z. Suppose r = 5, 29 = 3*t - 0*t + 4*r. What is the highest common divisor of t and i?
1
Let k = -144 - -170. Let m(a) = a**2 + 2*a - 11. Let g be m(-6). Calculate the highest common divisor of g and k.
13
Let p be 130*-12*7/(-35). What is the greatest common divisor of p and 84?
12
Let q be (8/(-12))/(2/(-42)). Suppose -g - 19 = -4*b + q, 4*b = 4*g + 36. What is the highest common divisor of 72 and b?
8
Suppose -7*s - 2*s - 27 = 0. Let m = s + 54. What is the greatest common factor of 17 and m?
17
Let c(k) = -45*k - 3. Let r be c(-3). Let m = 2032 + -826. Let q be 4/(-22) + m/99. What is the greatest common factor of q and r?
12
Let f be (-285664)/(-256) - (-3)/24. Calculate the highest common factor of f and 72.
36
Let n(f) = 3*f**3 + 4*f**2 + 5*f + 1. Let c be n(-1). Let z be (2/4)/(74/24 + c). What is the highest common factor of 33 and z?
3
Suppose -43 - 389 = -8*o. What is the highest common divisor of o and 27?
27
Let u = -101 - -123. Calculate the highest common divisor of u and 110.
22
Let c be (4 + 1/1)/1. Suppose n - 2 = c*n + 3*w, -5*n + 2*w - 14 = 0. Let l = n + 27. Calculate the greatest common factor of l and 275.
25
Let r be (-1)/10 - 13867/(-70). What is the highest common factor of 66 and r?
66
Let i = 152 + -137. Let r = 149 - 104. What is the greatest common divisor of i and r?
15
Let p = 28 - -4. Let i = p + -52. Let g be ((-36)/(-15))/((-6)/i). Calculate the greatest common divisor of 8 and g.
8
Let b(y) = -7*y - 11. Let x(w) = 4*w + 16. Let r be x(-6). Let f be b(r). What is the highest common divisor of f and 30?
15
Let c(r) = r**2 - 2*r - 4. Let z be c(-2). Suppose 176 = z*w + 12*w. What is the greatest common divisor of w and 77?
11
Let b = -10 - -17. Let h(j) = j**2 - 4*j + 17. Let x be h(10). Calculate the highest common factor of b and x.
7
Let z be (3*-2)/(2/19). Let i = z + 79. What is the highest common divisor of i and 55?
11
Let f be (-6 + 3)/(3/(2 - 41)). What is the greatest common divisor of 65 and f?
13
Let l be 1/4 + (-244)/16. Let g be l/(-6)*4/5. Calculate the greatest common factor of g and 10.
2
Let f(d) = 3*d - 73. Let v be f(26). Calculate the greatest common factor of v and 4.
1
Let q be ((-18)/(-8))/((-2)/(-24)). Let f be ((36/(-5))/(-2))/(388/970). What is the greatest common divisor of f and q?
9
Suppose -40*a + 544 = -496. What is the greatest common factor of a and 65?
13
Suppose 2*l = -3*l - 50. Let g(h) = h**3 + 11*h**2 + 7*h - 16. Let q be g(l). What is the greatest common factor of q and 42?
14
Suppose 3*t - 5 = 2*t. Suppose j = t*s - 569, 5*s = -5*j + 691 - 116. Calculate the greatest common factor of 19 and s.
19
Let g(c) = -c**3 - 6*c**2 + 66*c + 3. Let b be g(-12). Suppose 3*r + 3*p = 99, -r - 2*r = -5*p - 75. Calculate the highest common factor of b and r.
15
Let c = -85 - -91. Let k(i) = 4*i**2 - i + 3. Let g be (5 - 4)/((-1)/3). Let r be k(g). What is the highest common divisor of r and c?
6
Let k be 7/(4/(-20)*(2 - 3)). Calculate the greatest common factor of k and 280.
35
Suppose -13*u = -16*u. Suppose -5*d = -u*d. Suppose 4*r = -2*l + 3*l + 292, 3*r - 5*l - 236 = d. Calculate the greatest common divisor of r and 9.
9
Suppose 0 = -c + 4*c - 57. Let j(w) = -w**2 + 9*w - 3. Let t(k) = -1. Let s(o) = j(o) - 2*t(o). Let h be s(5). What is the greatest common divisor of c and h?
19
Let w be (-11)/(-33) - (-1 + 3044/(-12)). What is the greatest common divisor of 45 and w?
15
Let a = -661 - -662. Let u = 1 + 1. Let t be (-12)/15*(-25)/u. What is the highest common divisor of t and a?
1
Let q(b) = -3*b**2 - 15*b - 8. Let n = -2 + -2. Let m(c) = c**2. Let k(w) = n*m(w) - q(w). Let u be k(11). What is the highest common divisor of u and 78?
2